5 and 16036291?
5977
Calculate the highest common factor of 21 and 21442701.
21
Calculate the greatest common divisor of 34438 and 61640.
134
What is the highest common divisor of 19 and 38465519?
19
What is the highest common factor of 5577525 and 1755?
135
Calculate the greatest common divisor of 771834 and 1358.
14
What is the greatest common divisor of 406309184 and 2076?
692
Calculate the greatest common factor of 920 and 4318760.
40
Calculate the highest common divisor of 92 and 375732370.
46
What is the greatest common divisor of 63790 and 5650?
10
What is the highest common divisor of 3200 and 1614850?
50
Calculate the greatest common factor of 7133042 and 55622.
1918
What is the highest common factor of 360717174 and 36?
18
Calculate the greatest common divisor of 3126639 and 498651.
1389
Calculate the highest common divisor of 3681879 and 678.
339
What is the greatest common factor of 2285300 and 9700?
100
What is the greatest common factor of 12036 and 20768?
236
Calculate the highest common factor of 1800 and 33353900.
100
What is the highest common factor of 6337908 and 216?
36
Calculate the greatest common divisor of 15715 and 20275493.
3143
What is the highest common factor of 105075 and 16425324?
4203
What is the greatest common divisor of 835412 and 5402?
146
Calculate the highest common factor of 62632 and 456.
8
Calculate the highest common divisor of 21960 and 1313640.
360
Calculate the highest common divisor of 4653030 and 8385.
645
Calculate the highest common factor of 34118 and 16394.
14
What is the greatest common divisor of 1312 and 5046772?
164
Calculate the greatest common factor of 2721168 and 60.
12
Calculate the greatest common divisor of 10094 and 51639462.
1442
What is the greatest common divisor of 283383 and 441117?
207
What is the highest common factor of 779814 and 567?
189
What is the greatest common divisor of 834 and 795886617?
417
What is the highest common divisor of 988 and 726959?
19
What is the highest common divisor of 12045 and 3237915?
1095
What is the greatest common divisor of 7475 and 418925?
325
Calculate the highest common factor of 4 and 4646558.
2
Calculate the greatest common factor of 95 and 742956715.
95
What is the greatest common factor of 48169 and 1963445?
319
Calculate the highest common factor of 23573 and 142856666.
2143
What is the greatest common divisor of 669051 and 1106?
79
What is the greatest common divisor of 102448 and 60496?
304
Calculate the highest common divisor of 42 and 37442610.
6
Calculate the greatest common divisor of 38871 and 9532033.
4319
Calculate the highest common factor of 155 and 60662815.
155
What is the greatest common divisor of 226840 and 3843560?
2120
What is the highest common divisor of 321555 and 76755?
255
What is the highest common factor of 2388028658 and 1003?
1003
Calculate the highest common divisor of 45 and 50512755.
15
Calculate the highest common divisor of 70 and 845629015.
35
What is the greatest common factor of 68280634 and 746?
746
What is the greatest common factor of 1985 and 9525221?
397
What is the greatest common divisor of 2049 and 8449393?
683
Calculate the highest common factor of 3614 and 216047.
13
Calculate the greatest common divisor of 45800 and 1370.
10
Calculate the greatest common divisor of 9009 and 716513.
7
What is the greatest common divisor of 946 and 397718266?
946
What is the highest common divisor of 240928573 and 17?
17
Calculate the highest common divisor of 24 and 149460.
12
Calculate the highest common divisor of 528183282 and 27390.
5478
Calculate the greatest common factor of 537 and 20589.
3
What is the greatest common divisor of 94 and 33140452?
94
What is the greatest common divisor of 4197 and 137660201?
1399
What is the highest common divisor of 5015 and 874085?
295
What is the greatest common divisor of 132932151 and 513?
513
What is the greatest common factor of 4662560 and 4320?
160
Calculate the greatest common factor of 110739730 and 10.
10
What is the greatest common divisor of 4218294 and 1488?
186
Calculate the highest common divisor of 154132 and 576526.
226
What is the greatest common divisor of 1581414 and 40598?
106
What is the greatest common factor of 1685376 and 3067680?
7392
Calculate the greatest common factor of 424400613 and 21.
21
What is the highest common divisor of 231634 and 24462?
302
Calculate the greatest common factor of 167431 and 602888.
341
What is the highest common divisor of 17871186 and 1996?
998
What is the greatest common divisor of 24797355 and 2805?
165
What is the greatest common factor of 686819 and 5782?
413
What is the greatest common factor of 93537 and 131309?
19
Calculate the highest common factor of 1679112 and 52632.
72
Calculate the highest common factor of 11815 and 299881380.
695
Calculate the greatest common divisor of 1574715 and 490440.
915
Calculate the highest common factor of 666 and 56127150.
666
Calculate the greatest common divisor of 675 and 92827125.
225
Calculate the highest common divisor of 639 and 263154897.
639
What is the greatest common factor of 79293780 and 51?
51
What is the highest common factor of 666 and 22689806?
74
Calculate the highest common factor of 16 and 26206192.
16
Calculate the greatest common factor of 5124 and 1241583.
21
What is the highest common factor of 6865 and 10630?
5
Calculate the greatest common factor of 143 and 13011219.
13
What is the greatest common divisor of 6012 and 294372?
36
What is the highest common factor of 896459 and 409705?
1223
Calculate the highest common divisor of 472 and 61494107.
59
What is the greatest common factor of 42703040 and 14720?
320
What is the greatest common divisor of 63 and 187824042?
63
Calculate the greatest common divisor of 560 and 3691121.
7
Calculate the greatest common factor of 2833 and 361337818.
2833
What is the highest common factor of 40682346 and 8290?
1658
What is the highest common factor of 7293 and 155666654?
2431
Calculate the highest common factor of 1584341 and 9119.
11
Calculate the highest common divisor of 1062 and 997506.
18
What is the highest common divisor of 3209196 and 9228?
12
Calculate the greatest common factor of 9384 and 8663778.
2346
What is the highest common factor of 770 and 84155365?
35
What is the highest common divisor of 24909802 and 62?
62
Calculate the highest common divisor of 6303 and 13794.
33
What is the greatest common divisor of 930 and 135434505?
465
Calculate the greatest common factor of 38250 and 8986625.
2125
Calculate the highest common divisor of 3289286 and 23639.
77
What is the highest common factor of 361423106 and 3454?
3454
What is the highest common divisor of 7936 and 454359808?
7936
Calculate the greatest common factor of 183372 and 3036516.
3108
What is the greatest common factor of 60 and 7030920?
60
What is the greatest common factor of 11493966 and 77478?
2094
What is the highest common divisor of 133056 and 39879?
189
What is the greatest common divisor of 14130664 and 8?
8
What is the greatest common factor of 1202111 and 375424?
419
Calculate the greatest common divisor of 64054908 and 84591.
6507
Calculate the greatest common factor of 105024932 and 76.
76
Calculate the highest common factor of 885 and 11647365.
15
Calculate the highest common factor of 638065 and 446405.
185
Calculate the greatest common factor of 53098139 and 1946.
139
What is the greatest common divisor of 32088644 and 532?
532
What is the highest common factor of 433843140 and 82?
82
Calculate the highest common factor of 5775 and 103757325.
525
Calculate the highest common divisor of 160602645 and 70.
35
Calculate the highest common factor of 7076470 and 70.
10
What is the greatest common factor of 63 and 10494169?
7
Calculate the highest common factor of 3667 and 216158649.
3667
What is the highest common factor of 15165 and 29135?
5
Calculate the highest common divisor of 5609562 and 70.
14
Calculate the greatest common divisor of 55263850 and 1450.
1450
What is the highest common factor of 4767 and 40679535?
681
What is the greatest common factor of 8095060 and 56695?
2465
What is the highest common divisor of 8784 and 53688672?
144
What is the highest common factor of 253214 and 156?
26
What is the greatest commo